on divisor of x and 155?
31
Suppose 0 = -3*x + 4*t, -5*t - 7 + 6 = -4*x. Calculate the greatest common factor of 7 and x.
1
Let q(a) = a**2 - 80*a + 397. Let m be q(75). Calculate the greatest common divisor of m and 2354.
22
Let r(f) = 2*f + 16. Suppose -3*k + 1 = -b - 7, -2*k - 2*b = -8. Let y be (k - 11) + 3/3. Let x be r(y). Calculate the greatest common divisor of x and 1.
1
Suppose -2660 = 150*h - 188*h. Calculate the highest common divisor of h and 455.
35
Let f be -1*0/(16/(-4)). Suppose -5 = -d - 3*b + 39, 2*b - 8 = f. Suppose -d = -5*r + r. Calculate the greatest common factor of r and 4.
4
Suppose 74*y - 9*y = 1365. Calculate the greatest common divisor of 69 and y.
3
Let n(d) = -d**3 + 3*d**2 - d + 1. Suppose 3*v + 4 = -5*z - 5, -3*v - 3*z = 3. Let t be n(v). What is the greatest common divisor of 1 and t?
1
Let j be 3/(-2)*(-22 - -20). Suppose -5*q = j*m - 73, -m = q + 4*q - 81. Calculate the greatest common divisor of 85 and q.
17
Let j = -56 - -81. Let m = 132 + -127. Suppose t = 3*q - 3*t - j, 0 = -4*q - m*t + 54. Calculate the greatest common factor of q and 88.
11
Let b = -2699 + 3833. What is the greatest common factor of 42 and b?
42
Suppose 19*z - 550 = -3*z. Calculate the greatest common divisor of 725 and z.
25
Suppose -5*m - 5*o + 4*o = -10107, -2*m = -4*o - 4034. What is the greatest common divisor of m and 43?
43
Let h(i) = -i**2 - 1. Let s be h(1). Let n be (122 + s)*(-15)/(-20). What is the highest common factor of n and 18?
18
Suppose 4*p - 1 = -l - 3, 2*l = -4. Let j = -8 - -11. Suppose -z + j*z + 2*n - 36 = p, -3*n - 65 = -4*z. What is the greatest common factor of 85 and z?
17
Suppose -2*p - 3*p = -3*m + 334, 4*p = 5*m - 548. What is the greatest common divisor of 36 and m?
36
Let x be (-2)/4*(-19 - -17)*66. What is the highest common factor of 1254 and x?
66
Let x(s) = -135*s. Let d be x(-1). Suppose 0 = l - 6*l + d. Suppose 46 = 10*t - 44. Calculate the highest common divisor of l and t.
9
Let n(y) = -24*y + 74. Let z be n(3). What is the greatest common factor of z and 50?
2
Let p(u) = 4*u - 3. Suppose 0*v - 4*v + 12 = 0. Let b be p(v). Let x = 13 + 14. Calculate the greatest common divisor of x and b.
9
Let m = 6 - 3. Let k(g) = 2*g**2 - 5*g**2 + g**3 - 4*g**2 + m + g + 4*g**2. Let d be k(3). Calculate the greatest common factor of d and 12.
6
Let s(k) = -k**3 - 12*k**2 - k - 12. Let y be s(-12). Let b = 1 - 1. Suppose x + b*x + n - 45 = y, 57 = x + 5*n. What is the greatest common factor of 28 and x?
14
Suppose -2*k - c = 3, -7*c + 3*c = 2*k. Let s(v) = 24*v**2 - 3*v - 2. Let d be s(k). Let p be 100/(-4)*(-40)/25. Calculate the highest common factor of p and d.
20
Suppose 5*v = 2*v - 2*b + 33, -b = -3*v + 33. Suppose v*d - 6*d - 35 = 0. What is the highest common factor of 7 and d?
7
Suppose -3*a - 888 = -1524. Calculate the highest common factor of a and 4.
4
Let b be 130/(-6) + (-6)/18. Let a = b + 28. Suppose -q = -a*q + 20. What is the greatest common divisor of q and 20?
4
Let d be (9/(-6))/(18/(-48)). Suppose 5*w + 4*b - 8 = -1, 0 = -4*w + d*b + 20. Suppose -2*f + w*f = 1. Calculate the greatest common divisor of f and 2.
1
Let d = -160 + 95. Let f = 78 + d. What is the greatest common divisor of f and 104?
13
Suppose d + 4*d - 3 = 2*r, 3*r - 6 = -3*d. Let i be (96/(-30))/(r/(-5)). Let v(c) = -9*c**3 + c. Let l be v(-1). What is the highest common divisor of l and i?
8
Suppose -160 = -2*q - 3*q. Let k(z) = -z**3 + z**2 - 19*z - 14. Let x be k(-6). Calculate the highest common divisor of q and x.
32
Suppose 3*c + 2*a + a = 30, 4*a + 12 = 0. Let k = c - 4. Let l = 2046 + -2040. Calculate the greatest common divisor of k and l.
3
Let u be -7 + (93 - (11 + -9)). Calculate the greatest common divisor of 24 and u.
12
Let p = 160 + -155. Suppose -p*k = k - 108. What is the greatest common divisor of k and 9?
9
Suppose 0 = -14*s + 12*s - 10, 4*j = -s + 235. Let a = 15 + -11. Suppose 4*v - a = j. What is the highest common factor of v and 4?
4
Suppose 27*w = 20*w + 70. What is the greatest common factor of w and 10?
10
Suppose -42*q + 1740 = 396. Calculate the highest common factor of 2464 and q.
32
Suppose -50*g + 898 + 6352 = 0. What is the greatest common factor of g and 29?
29
Let z(f) = f**2 + 7*f + 28. Let m be z(-4). What is the greatest common divisor of m and 104?
8
Suppose -n + 432 = 8*n. Calculate the greatest common factor of n and 64.
16
Suppose 3*i - 30 = 3*m - 5*m, 20 = 2*m - 2*i. Let f be m/42 + 52/14. Suppose s - 16 = -w + 5*s, 64 = f*w + 4*s. What is the greatest common factor of w and 16?
16
Suppose 5*t = 4*t + 4. Let g(n) = 18*n**2 - 6*n + 5. Let q be g(0). Calculate the greatest common factor of q and t.
1
Let j be ((-18)/4 + 1)*-2. Let g = 632 + -625. What is the greatest common factor of g and j?
7
Let s be 290/4 - -4 - 15/(-10). What is the highest common divisor of 650 and s?
26
Let s be (56/(-21))/(2/(-3)). Suppose -s*m + 8*m - 16 = 0. Calculate the highest common factor of 16 and m.
4
Let f be 6/27 + (-1652)/(-18). Let u = f - 77. What is the highest common divisor of u and 60?
15
Let l(s) = -s + 5. Let d be l(-10). Let y be d/5*(-4)/(-12). Calculate the highest common divisor of 1 and y.
1
Let g be (10/4)/((-10)/(-8)). Let f be (7/21)/(g/96). What is the highest common divisor of f and 8?
8
Let n(u) = -u - 11. Let v(l) = 2*l + 21. Let r(p) = 5*n(p) + 2*v(p). Let j be r(-18). Let c be (-10)/1*18/(-4). What is the greatest common factor of c and j?
5
Let f = -4 - -24. Let u = -376 - -426. What is the highest common factor of f and u?
10
Let b = -5 - -7. Let z be (4/10)/((-5)/(-25)). Let o(l) = 8*l - 2. Let k be o(z). Calculate the greatest common divisor of b and k.
2
Let m be ((-36)/3)/((-1)/(-1)*-1). Calculate the highest common divisor of m and 276.
12
Let v = -38 - -208. Calculate the greatest common factor of v and 68.
34
Let v = -32 - -10. Let g = 54 + v. Suppose -5*p - 5*a + 23 = -g, 31 = p - 4*a. What is the greatest common factor of 120 and p?
15
Let k = 219 + -189. Calculate the greatest common divisor of 3 and k.
3
Suppose -4*c - 24 = -36. Let b = -14 - -15. Let q = c - b. What is the greatest common divisor of 18 and q?
2
Let q = 60 - -990. Calculate the greatest common factor of 28 and q.
14
Suppose -14*z = 18*z - 384. What is the highest common divisor of 54 and z?
6
Let a(b) = -b**3 - 32*b**2 + b + 33. Let l be a(-32). What is the greatest common divisor of l and 1?
1
Let a be 3/(7/(-10) + 1). Let x(q) = q + 4. Let l be x(-7). Let r(w) = -10*w. Let b be r(l). What is the highest common factor of a and b?
10
Suppose -s = -k, 3*s + 2*k = -0*k + 20. What is the greatest common factor of s and 20?
4
Suppose 427 - 443 = -q. Suppose -3*t = c - 75 - 18, -4*t - c = -125. Calculate the greatest common factor of t and q.
16
Let o be (-3475)/(-15) + (-14)/(-42). What is the highest common factor of 261 and o?
29
Let o = 90 + -78. Suppose -o*f = -1314 - 2250. Calculate the highest common factor of f and 33.
33
Let a(s) = 4*s**2 + 2*s - 9. Let w be a(6). Suppose 34*g = -20*g + 1134. Calculate the highest common divisor of w and g.
21
Let t(o) = o**2 - 6*o + 3. Let g be t(7). Suppose -3 = -q + 12. Let w = q + -5. What is the greatest common divisor of g and w?
10
Suppose 5*g = 5*l + 210, -4*l - g - 66 = 117. Let m = l - -74. Suppose 4*t = 10*t - 174. Calculate the highest common divisor of m and t.
29
Let f = -104 + 189. Suppose 12*l - 95 - 313 = 0. Calculate the highest common factor of f and l.
17
Let j = -31 + 35. Suppose -j*i + 11 = -1. What is the highest common divisor of i and 1?
1
Let q(x) = -23*x - 646. Let c be q(-50). Calculate the highest common divisor of c and 21.
21
Let f(m) = 10*m**2 - 5*m - 70. Let r(b) = 7*b**2 - 3*b - 47. Let x(h) = 5*f(h) - 7*r(h). Let w be x(9). Calculate the highest common factor of w and 36.
12
Let y(c) = 4*c**2 - 2*c - 20. Let l be y(-14). Suppose -10*z - l = -14*z. Suppose 0 = v + 2*v - z. What is the highest common factor of 44 and v?
22
Let o(t) = 15*t. Let d be o(1). Suppose -3*x + 21 + d = 0. Let v = 128 - 124. What is the greatest common divisor of v and x?
4
Let u = -25 - -29. Let x(r) = -5*r**3 - r**2. Let w be x(-2). What is the highest common divisor of u and w?
4
Let y = -21 + 12. Let x be y - (-1 - -6 - 3). Let l(t) = t + 22. 